e remainder when 784 is divided by 62?
40
What is the remainder when 1400 is divided by 108?
104
What is the remainder when 60 is divided by 23?
14
Calculate the remainder when 414 is divided by 20.
14
Calculate the remainder when 399 is divided by 5.
4
What is the remainder when 75 is divided by 11?
9
Calculate the remainder when 2547 is divided by 88.
83
What is the remainder when 4470 is divided by 743?
12
What is the remainder when 71 is divided by 6?
5
What is the remainder when 1975 is divided by 977?
21
What is the remainder when 2208 is divided by 2156?
52
What is the remainder when 353 is divided by 176?
1
Calculate the remainder when 1007 is divided by 164.
23
Calculate the remainder when 3174 is divided by 1052.
18
Calculate the remainder when 2483 is divided by 54.
53
Calculate the remainder when 106 is divided by 57.
49
What is the remainder when 957 is divided by 15?
12
What is the remainder when 251 is divided by 36?
35
What is the remainder when 2104 is divided by 49?
46
Calculate the remainder when 3091 is divided by 72.
67
Calculate the remainder when 4068 is divided by 13.
12
Calculate the remainder when 87 is divided by 20.
7
What is the remainder when 473 is divided by 48?
41
Calculate the remainder when 165 is divided by 46.
27
Calculate the remainder when 152 is divided by 51.
50
Calculate the remainder when 5034 is divided by 48.
42
What is the remainder when 311 is divided by 28?
3
What is the remainder when 56 is divided by 16?
8
What is the remainder when 2545 is divided by 71?
60
Calculate the remainder when 145 is divided by 106.
39
Calculate the remainder when 126 is divided by 43.
40
What is the remainder when 387 is divided by 219?
168
What is the remainder when 493 is divided by 55?
53
Calculate the remainder when 705 is divided by 118.
115
What is the remainder when 1769 is divided by 104?
1
What is the remainder when 1787 is divided by 259?
233
Calculate the remainder when 453 is divided by 12.
9
What is the remainder when 4407 is divided by 32?
23
What is the remainder when 180 is divided by 15?
0
Calculate the remainder when 34 is divided by 19.
15
What is the remainder when 1177 is divided by 59?
56
What is the remainder when 3052 is divided by 13?
10
Calculate the remainder when 3273 is divided by 18.
15
What is the remainder when 167 is divided by 57?
53
What is the remainder when 27718 is divided by 99?
97
Calculate the remainder when 137 is divided by 23.
22
Calculate the remainder when 25037 is divided by 39.
38
What is the remainder when 33 is divided by 20?
13
What is the remainder when 667 is divided by 96?
91
What is the remainder when 64 is divided by 6?
4
Calculate the remainder when 239 is divided by 2.
1
What is the remainder when 405 is divided by 338?
67
Calculate the remainder when 25 is divided by 7.
4
What is the remainder when 1362 is divided by 84?
18
What is the remainder when 12462 is divided by 103?
102
Calculate the remainder when 890 is divided by 108.
26
What is the remainder when 109 is divided by 23?
17
Calculate the remainder when 91 is divided by 80.
11
Calculate the remainder when 136 is divided by 67.
2
Calculate the remainder when 198 is divided by 50.
48
Calculate the remainder when 291 is divided by 73.
72
Calculate the remainder when 4255 is divided by 104.
95
What is the remainder when 64 is divided by 27?
10
Calculate the remainder when 469 is divided by 2.
1
What is the remainder when 337 is divided by 277?
60
What is the remainder when 151 is divided by 9?
7
Calculate the remainder when 660 is divided by 17.
14
What is the remainder when 136 is divided by 40?
16
Calculate the remainder when 48 is divided by 44.
4
What is the remainder when 146 is divided by 31?
22
What is the remainder when 1483 is divided by 53?
52
Calculate the remainder when 530 is divided by 185.
160
Calculate the remainder when 369 is divided by 39.
18
What is the remainder when 614 is divided by 28?
26
Calculate the remainder when 62 is divided by 20.
2
Calculate the remainder when 154 is divided by 18.
10
Calculate the remainder when 593 is divided by 54.
53
What is the remainder when 126 is divided by 64?
62
Calculate the remainder when 140 is divided by 48.
44
What is the remainder when 18 is divided by 6?
0
Calculate the remainder when 234 is divided by 36.
18
What is the remainder when 202 is divided by 31?
16
What is the remainder when 3283 is divided by 41?
3
Calculate the remainder when 15119 is divided by 5036.
11
What is the remainder when 1143 is divided by 62?
27
What is the remainder when 45 is divided by 23?
22
Calculate the remainder when 136 is divided by 112.
24
Calculate the remainder when 35 is divided by 3.
2
Calculate the remainder when 45 is divided by 17.
11
Calculate the remainder when 338 is divided by 54.
14
Calculate the remainder when 226 is divided by 46.
42
What is the remainder when 422 is divided by 112?
86
Calculate the remainder when 59 is divided by 30.
29
Calculate the remainder when 672 is divided by 352.
320
What is the remainder when 426 is divided by 54?
48
Calculate the remainder when 190 is divided by 39.
34
Calculate the remainder when 817 is divided by 332.
153
Calculate the remainder when 138 is divided by 4.
2
Calculate the remainder when 1049 is divided by 331.
56
What is the remainder when 1131 is divided by 50?
31
What is the remainder when 1328 is divided by 648?
32
What is the remainder when 158 is divided by 54?
50
Calculate the remainder when 1177 is divided by 74.
67
What is the remainder when 2094 is divided by 60?
54
What is the remainder when 75 is divided by 10?
5
Calculate the remainder when 57 is divided by 27.
3
What is the remainder when 164 is divided by 11?
10
Calculate the remainder when 81 is divided by 63.
18
Calculate the remainder when 101 is divided by 51.
50
What is the remainder when 110 is divided by 36?
2
What is the remainder when 1365 is divided by 123?
12
Calculate the remainder when 1488 is divided by 50.
38
What is the remainder when 510 is divided by 68?
34
Calculate the remainder when 808 is divided by 74.
68
What is the remainder when 329 is divided by 33?
32
What is the remainder when 1053 is divided by 17?
16
What is the remainder when 1205 is divided by 17?
15
Calculate the remainder when 43 is divided by 17.
9
What is the remainder when 4226 is divided by 282?
278
Calculate the remainder when 1963 is divided by 152.
139
Calculate the remainder when 1665 is divided by 166.
5
Calculate the remainder when 178 is divided by 19.
7
Calculate the remainder when 642 is divided by 89.
19
Calculate the remainder when 845 is divided by 214.
203
Calculate the remainder when 181 is divided by 22.
5
Calculate the remainder when 931 is divided by 117.
112
What is the remainder when 39 is divided by 6?
3
What is the remainder when 763 is divided by 270?
223
Calculate the remainder when 972 is divided by 485.
2
Calculate the remainder when 592 is divided by 66.
64
What is the remainder when 8898 is divided by 25?
23
Calculate the remainder when 317 is divided by 36.
29
What is the remainder when 95 is divided by 72?
23
Calculate the remainder when 1198 is divided by 200.
198
Calculate the remainder when 946 is divided by 12.
10
Calculate the remainder when 368 is divided by 54.
44
Calculate the remainder when 235 is divided by 126.
109
What is the remainder when 1531 is divided by 118?
115
What is the remainder when 2342 is divided by 56?
46
Calculate the remainder when 117 is divided by 45.
27
What is the remainder when 486 is divided by 171?
144
Calculate the remainder when 133 is divided by 40.
13
Calculate the remainder when 736 is divided by 367.
2
What is the remainder when 205 is divided by 50?
5
Calculate the remainder when 102 is divided by 86.
16
What is the remainder when 290 is divided by 87?
29
Calculate the remainder when 9475 is divided by 13.
11
What is the remainder when 3726 is divided by 33?
30
What is the remainder when 127 is divided by 40?
7
Calculate the remainder when 57 is divided by 14.
1
What is the remainder when 77 is divided by 39?
38
What is the remainder when 181 is divided by 9?
1
Calculate the remainder when 1109 is divided by 90.
29
What is the remainder when 4705 is divided by 2350?
5
W